+ 20, -k = -q + 1 - 2. Let f be ((-7)/(-1))/(-1)*1100/q. Suppose 0 = 9*b + b - f. What is the hundreds digit of b?
1
Suppose 16*a - 123800 + 17672 = 0. What is the thousands digit of a?
6
Suppose 71*l + l + 105*l = 821280. What is the thousands digit of l?
4
What is the units digit of 3/((-15)/21272)*1/((-1)/5)?
2
Let c = 20997 + 2174. What is the tens digit of c?
7
Suppose -3*f + 4 = -2. Let q be 1/2 + (-3)/(48/(-88)). Suppose 2*g = -4*d + 126, -f*g = -q*d + 5*d - 151. What is the tens digit of g?
7
Suppose -11*m + 4 = -12*m, -3*m = -5*x + 12027. Suppose 0 = 5*p - 5*o - 4000, 33*o - 35*o = -3*p + x. What is the units digit of p?
3
What is the thousands digit of 7120356/801 - 2/(-3)?
8
Suppose 12*v + 280 = 1120. Let r = v + 24. What is the tens digit of r?
9
Suppose 0 = -9*y + 2 + 43. Suppose y*m - 701 = 2*o - 6*o, 5*m + o = 689. What is the hundreds digit of m?
1
Let q = 7952 - -7746. What is the units digit of q?
8
Suppose 463912 = 24*u - 107840. What is the thousands digit of u?
3
Suppose -2*p + 5 = 1. Let j(m) be the first derivative of 2*m**3/3 - 4*m + 667. What is the units digit of j(p)?
4
Let j = -10046 + 28166. What is the thousands digit of j?
8
What is the hundreds digit of (2 - -1037) + -1*(-8)/(-1)?
0
Let z be 1*(8 + -8)/(4/(-2)). Suppose -24*b + 10728 = -z*b. What is the hundreds digit of b?
4
Suppose 9*q + 9*q - 242228 = 99898. What is the thousands digit of q?
9
Let m(y) = 401*y**2 - 34*y + 62. Let h be m(2). Suppose h = 7*g + 10*g. What is the tens digit of g?
9
Suppose 8*m = -4*k + 6*m + 31822, -5 = 5*m. What is the hundreds digit of k?
9
Let h = 19 + -16. Suppose 4*z + 168 = -h*o - 275, -2*z = o + 223. What is the units digit of z/(-4) - 5/20?
8
Let j = 2192 - -968. What is the units digit of ((15/(-4))/(-5))/(10/j)?
7
Suppose 30*b = 342685 + 376385. What is the thousands digit of b?
3
Let s(m) = -6424*m + 3884. What is the ten thousands digit of s(-4)?
2
What is the tens digit of ((-18)/(-10))/((-73)/(-13870))?
4
Let f(h) = -704*h - 77. What is the units digit of f(-5)?
3
Let w(u) = -399*u - 40. What is the units digit of w(-6)?
4
Let a = -539 - -1124. Let i = 1508 - a. What is the hundreds digit of i?
9
Suppose 2*u = 5*m + 189, 4*u - 5*m - 322 = 51. What is the tens digit of u?
9
Suppose 100*w - 130364 = 48*w. What is the thousands digit of w?
2
Let h be 83304/14 - -6*16/(-336). Suppose 34*k - 68*k + h = 0. What is the hundreds digit of k?
1
Let x = 72 + -36. Let a = x + -34. Suppose -a*p - 4*u - 194 = -4*p, -2*u = 4*p - 378. What is the units digit of p?
5
Let q = 21 + 0. Let p be (-70)/3*q/14. What is the units digit of (3/(-9) + p/(-42))*302?
1
Suppose 11 = -7*v + 39. Suppose v*d - h = -617 + 2904, h = d - 571. What is the units digit of d?
2
Suppose f - 3557 = o, 9*f - 6*f - 10667 = -o. Let i = f + -2387. What is the units digit of i?
9
Suppose -44368 = -4*l + 5*x, 71*l - 5*x = 70*l + 11077. What is the tens digit of l?
9
Let c(j) = 16*j + 1. Let i be c(-2). Let y = i + 29. What is the units digit of ((y - -1) + 0)*-183?
3
What is the tens digit of (198660/(-120) - (-4 - -1))*(-1 + -9)?
2
Suppose 64*t - 72910 - 174199 = 98107. What is the tens digit of t?
9
Let f = 5638 - 3023. Suppose 8*z + 2092 = 4*i + 12*z, f = 5*i - 4*z. What is the tens digit of i?
2
Let u(x) = -x**2 + 2*x + 25. Let d be u(6). What is the hundreds digit of (-3 - -113) + 5/d?
1
Let b(p) = -p**2 - 12*p + 22. Let t be b(-12). Let h(o) = o**3 - 20*o**2 - 9*o - 105. What is the units digit of h(t)?
5
Suppose -5*u + 2*z = -0*u + 27, -26 = 2*u + 3*z. Let g(n) be the second derivative of -14*n**3/3 - 10*n**2 + 68*n - 1. What is the tens digit of g(u)?
7
Let z = -13 - -13. Suppose z = -5*a - 7 + 37. Suppose -f + 35 = -a. What is the units digit of f?
1
Let n(a) = -a**3 - 6*a**2 - 10*a - 5. Let b be n(-4). Suppose 0 = -b*l, 0 = -4*x - 2*l - 36 - 28. What is the units digit of x/40 - (-362)/5?
2
Let f(v) = -5*v**3 - 8*v**2 - 16*v - 9. Let i(a) = -a**3 - a**2 - 3*a + 1. Let d(g) = f(g) - 4*i(g). Let u be (5/2)/(2/(-4)). What is the units digit of d(u)?
2
Let h(z) = -z**2 + 4*z + 7. Let m be h(5). Let g be ((-441)/(-21))/(6/74). Suppose -5*x + m*t + g = 0, -3*x = x + t - 215. What is the units digit of x?
3
Let z be 16*((-2679)/(-6))/1. What is the units digit of (-4)/3 - z/(-12)?
4
Suppose -11*z + 3*u - 36900 = -14*z, -12298 = -z + u. What is the ten thousands digit of z?
1
Suppose -h + 106 = 10*k - 9*k, 5*k + 94 = h. Suppose -h = 3*f - 7*f. What is the units digit of f?
6
What is the thousands digit of (-7 - 11/((-110)/(-3500)))*-7?
2
Let p be 6/(-4) - 234/(-4). Let z = 85 - p. Let b = z - -4. What is the units digit of b?
2
Suppose -58*k = -55*k - a - 145041, 3*a - 145065 = -3*k. What is the hundreds digit of k?
3
Let v be ((-159)/6)/((-3)/78). Suppose 2025 = 4*r - 4*m + v, -3*m = -5*r + 1668. What is the hundreds digit of r?
3
Let n(x) be the first derivative of -3*x**6/40 + x**4/12 - 15*x**2/2 - 2. Let g(w) be the second derivative of n(w). What is the tens digit of g(-2)?
6
Suppose 2*s - 2*v = 17150, -59*s - 3*v + 25725 = -56*s. What is the hundreds digit of s?
5
What is the tens digit of ((-1)/((-1)/(-101)))/(38/(-3192))?
8
Suppose -7*w = -41 + 139. What is the units digit of (w/35)/((-8008)/(-2670) - 3)?
4
Let i = -12 - -42. Suppose 0 = 5*x + 4*c - 393, 2*x + 0*c - 165 = c. Let j = x - i. What is the units digit of j?
1
Let x be 0*4/12*2/4. Let d(u) = -3*u**2 - 3*u + 119. What is the tens digit of d(x)?
1
What is the hundreds digit of 2/37 + (-79441598)/(-8066)?
8
What is the tens digit of (-13)/1 - -4 - -10732?
2
Let y = 938 + -2206. What is the units digit of -8 - ((-18)/6 + y)?
3
Suppose 112*z = 109*z + 12429. Suppose 16*w + z - 13295 = 0. What is the hundreds digit of w?
5
Suppose -4*v + 0*a + 334085 = a, 15*a = 4*v - 333941. What is the ten thousands digit of v?
8
Suppose -4*x - 2 = -5*i, -11*x - 3*i + 8 = -10*x. Suppose x = -72*h + 74*h, -3*h = 4*f - 2667. What is the hundreds digit of f?
6
What is the units digit of 8939 - (-13 + 11) - 8/(2 - 6)?
3
Let q(b) = 10*b + 10. Let y be q(0). Let v(w) = -9*w - 27. Let f be v(y). Let j = -44 - f. What is the units digit of j?
3
Let j(o) = -93*o + 68. Let b = -39 - -25. What is the tens digit of j(b)?
7
Let f be (105 - -3)/3*74/6. Let o = 979 - f. What is the tens digit of o?
3
Suppose 110*u - 40879 = 147*u - 373139. What is the thousands digit of u?
8
Suppose -11*u + 150 = -9*u. Suppose 5*y - u = -m, -4*y + 6 = 10. What is the units digit of m?
0
What is the tens digit of 246/(-1599) + 1259413/78 + 10/12?
4
Let r(s) = 8*s**2 - 15*s - 39. Suppose 0 = 5*h + 2*z + 48, -5*h - 52 = 15*z - 12*z. What is the tens digit of r(h)?
9
Let u = 2398 - -930. What is the hundreds digit of u?
3
Let s = -20 - -27. What is the hundreds digit of s*335/(-10)*(1 + -7)?
4
Let i(l) = 9*l**3 + 4*l**2 - 7*l - 6. Let v = -194 + 197. What is the tens digit of i(v)?
5
Let i = -24 + 26. What is the tens digit of -23 + 28 - (-952)/i?
8
Suppose -2*g = j - 4736, 5*j - 23692 = 6*g - 4*g. What is the hundreds digit of j?
7
Suppose 3*w + 5*c - 79020 = 0, -24*w - 4*c - 157956 = -30*w. What is the hundreds digit of w?
3
Let b(g) = -g**2 + 15*g - 1. Let k(p) = -3*p**2 + 45*p - 3. Let y(w) = 11*b(w) - 4*k(w). Let l be (68445/(-513))/15 + 2/(-19). What is the units digit of y(l)?
7
Let n(x) = -5*x**2 + 26*x - 10 + 8 + 4*x**2 - 29. What is the tens digit of n(16)?
2
Let h(a) = 46884*a**3 + 4*a**2 + 13*a - 15. What is the hundreds digit of h(1)?
8
Let o(v) = v**2 + 21*v + 4. Let h be o(10). Suppose 5*g = -15, 0 = 3*n - 2*n + 3*g - h. What is the hundreds digit of n?
3
Let o(p) = 7*p**3 - 103*p**2 + 33*p - 38. What is the units digit of o(16)?
4
Suppose -2*p - g = -2528, 2*p + 6*g - 2498 = 10*g. What is the units digit of p?
1
Let r = -356 + 24226. What is the thousands digit of r?
3
Let m(y) = 55*y**2 - 309*y - 32. What is the thousands digit of m(-8)?
5
Let g = -8266 - -14571. What is the thousands digit of g?
6
Let w(m) = 546 - 28*m + 8*m**2 - 6*m**2 - 542. Suppose 2*k + 8*q = 3*q + 40, 2*k - 28 = q. What is the units digit of w(k)?
4
Let c(f) = 64*f**2 - 48*f - 175. What is the ten thousands digit of c(25)?
3
Let d(s) = 3*s + 19. Let u be d(-7). What is the units digit of -2*u*(-2345)/(-20)?
9
Suppose -4*r + 46 + 398 = 0. Let z be 159 + 2